usands digit of 2156973?
6
What is the ten thousands digit of 4289483?
8
What is the tens digit of 40068?
6
What is the hundreds digit of 1975569?
5
What is the tens digit of 71334?
3
What is the units digit of 119042?
2
What is the tens digit of 19688?
8
What is the millions digit of 2628806?
2
What is the hundred thousands digit of 1377396?
3
What is the thousands digit of 438318?
8
What is the units digit of 66115?
5
What is the hundred thousands digit of 217691?
2
What is the thousands digit of 30885600?
5
What is the ten thousands digit of 488031?
8
What is the thousands digit of 2095002?
5
What is the ten thousands digit of 7330725?
3
What is the thousands digit of 40802?
0
What is the ten thousands digit of 422858?
2
What is the hundreds digit of 1115105?
1
What is the units digit of 529753?
3
What is the ten thousands digit of 5105822?
0
What is the hundred thousands digit of 26094931?
0
What is the hundred thousands digit of 615636?
6
What is the hundred thousands digit of 10192227?
1
What is the hundreds digit of 200793?
7
What is the thousands digit of 2139307?
9
What is the hundreds digit of 213689?
6
What is the hundreds digit of 183324?
3
What is the thousands digit of 120324?
0
What is the hundred thousands digit of 1631455?
6
What is the hundred thousands digit of 2922854?
9
What is the units digit of 185121?
1
What is the hundreds digit of 580734?
7
What is the ten thousands digit of 7394211?
9
What is the hundreds digit of 395968?
9
What is the tens digit of 25708?
0
What is the hundred thousands digit of 2525607?
5
What is the tens digit of 180313?
1
What is the hundreds digit of 1342402?
4
What is the tens digit of 103811?
1
What is the thousands digit of 524750?
4
What is the tens digit of 4091743?
4
What is the thousands digit of 7753874?
3
What is the thousands digit of 6711718?
1
What is the ten thousands digit of 3358918?
5
What is the ten thousands digit of 276482?
7
What is the units digit of 7913666?
6
What is the hundreds digit of 367421?
4
What is the units digit of 43058?
8
What is the thousands digit of 8590796?
0
What is the units digit of 276270?
0
What is the units digit of 571728?
8
What is the units digit of 832028?
8
What is the ten thousands digit of 702734?
0
What is the hundred thousands digit of 1405379?
4
What is the units digit of 2046419?
9
What is the thousands digit of 244247?
4
What is the millions digit of 1445540?
1
What is the hundred thousands digit of 1648688?
6
What is the ten thousands digit of 2348723?
4
What is the units digit of 6938733?
3
What is the tens digit of 10910775?
7
What is the hundreds digit of 82286?
2
What is the thousands digit of 70701?
0
What is the hundred thousands digit of 1462633?
4
What is the hundreds digit of 2378685?
6
What is the tens digit of 701365?
6
What is the hundreds digit of 699879?
8
What is the thousands digit of 309267?
9
What is the thousands digit of 752754?
2
What is the hundreds digit of 145481?
4
What is the thousands digit of 534709?
4
What is the units digit of 433488?
8
What is the tens digit of 122944?
4
What is the thousands digit of 751109?
1
What is the units digit of 8696987?
7
What is the tens digit of 1470057?
5
What is the millions digit of 4887316?
4
What is the thousands digit of 5561841?
1
What is the units digit of 136193?
3
What is the hundreds digit of 4173288?
2
What is the ten thousands digit of 330399?
3
What is the ten millions digit of 17055467?
1
What is the hundred thousands digit of 161871?
1
What is the tens digit of 4754433?
3
What is the thousands digit of 546819?
6
What is the units digit of 1070106?
6
What is the tens digit of 27426905?
0
What is the tens digit of 41067?
6
What is the hundred thousands digit of 6885738?
8
What is the units digit of 340621?
1
What is the hundreds digit of 378723?
7
What is the hundreds digit of 418367?
3
What is the hundred thousands digit of 22004941?
0
What is the hundreds digit of 622149?
1
What is the hundreds digit of 263520?
5
What is the millions digit of 5128284?
5
What is the units digit of 361214?
4
What is the ten thousands digit of 18796?
1
What is the units digit of 48506?
6
What is the units digit of 119181?
1
What is the millions digit of 1746570?
1
What is the hundred thousands digit of 423646?
4
What is the ten thousands digit of 90705?
9
What is the tens digit of 224917?
1
What is the ten thousands digit of 486059?
8
What is the hundreds digit of 4060815?
8
What is the thousands digit of 26364362?
4
What is the tens digit of 588601?
0
What is the tens digit of 1432540?
4
What is the units digit of 15028519?
9
What is the tens digit of 581092?
9
What is the units digit of 440077?
7
What is the tens digit of 300092?
9
What is the hundreds digit of 280553?
5
What is the millions digit of 5434606?
5
What is the ten thousands digit of 1474790?
7
What is the ten thousands digit of 542394?
4
What is the ten thousands digit of 974643?
7
What is the units digit of 1139194?
4
What is the hundred thousands digit of 904242?
9
What is the hundred thousands digit of 31905950?
9
What is the hundreds digit of 76128?
1
What is the hundreds digit of 2631657?
6
What is the hundred thousands digit of 408856?
4
What is the units digit of 793990?
0
What is the hundred thousands digit of 1866733?
8
What is the tens digit of 10862732?
3
What is the units digit of 32766?
6
What is the hundred thousands digit of 467521?
4
What is the thousands digit of 237437?
7
What is the units digit of 381213?
3
What is the units digit of 2459458?
8
What is the millions digit of 2794930?
2
What is the thousands digit of 381273?
1
What is the hundred thousands digit of 895885?
8
What is the hundred thousands digit of 7348175?
3
What is the ten thousands digit of 2584979?
8
What is the millions digit of 12382256?
2
What is the ten thousands digit of 2843506?
4
What is the hundred thousands digit of 2245373?
2
What is the units digit of 22753?
3
What is the tens digit of 3587500?
0
What is the tens digit of 1721697?
9
What is the tens digit of 2305541?
4
What is the hundreds digit of 209112?
1
What is the units digit of 13925068?
8
What is the ten thousands digit of 528785?
2
What is the hundred thousands digit of 3689327?
6
What is the hundreds digit of 7441683?
6
What is the thousands digit of 12885498?
5
What is the units digit of 310756?
6
What is the thousands digit of 5037770?
7
What is the millions digit of 2507599?
2
What is the hundred thousands digit of 250802?
2
What is the ten thousands digit of 467662?
6
What is the tens digit of 2784273?
7
What is the thousands digit of 975514?
5
What is the hundreds digit of 2233329?
3
What is the thousands digit of 300544?
0
What is the hundred thousands digit of 432635?
4
What is the tens digit of 4945286?
8
What is the thousands digit of 17465440?
5
What is the thousands digit of 2353408?
3
What is the tens digit of 1774611?
1
What is the units digit of 3119913?
3
What is the tens digit of 21827878?
7
What is the tens digit of 9982130?
3
What is the thousands digit of 2791541?
1
What is the millions digit of 1179799?
1
What is the ten thousands digit of 133528?
3
What is the thousands digit of 9746062?
6
What is the hundreds digit of 266659?
6
What is the hundreds digit of 27403?
4
What is the ten thousands digit of 14000222?
0
What is the thousands digit of 1624068?
4
What is the hundred thousands digit of 1303339?
3
What is the units digit of 872975?
5
What is the ten millions digit of 15883450?
1
What is the thousands digit of 7657824?
7
What is the thousands digit of 142272?
2
What is the hundred thousands digit of 31021106?
0
What is the thousands digit of 508132?
8
What is the tens digit of 1619942?
4
What is the ten thousands digit of 427750?
2
What is the tens digit of 5090411?
1
What is the hundred thousands digit of 961926?
9
What is the hundreds digit of 2354535?
5
What is the ten thousands digit of 1052238?
5
What is the millions digit of 8732778?
8
What is the tens digit of 703877?
7
What is the units digit of 427351?
1
What is the tens digit of 659205?
0
What is the tens digit of 9460272?
7
What is the thousands digit of 139091?
9
What is the ten thousands digit of 3493240?
9
What is the thousands digit of 201973?
1
What is the tens digit